
-3
-7 - (-6 + -3 - -5 - -1)
-4
(-6 + (3 - -1) - -3) + 4
5
What is (2 - 11) + 1 + 2 + 0?
-6
Calculate 4 - 8 - (-8 + 7).
-3
Calculate 1 + 3 - (-1 + (-1 - -3)).
3
Evaluate -1 - -1 - (1 + -5) - 2.
2
0 + 1 + -4 + -1 + 9
5
(3 + -1 + -8 - -12) + 2
8
Evaluate 10 + 1 + -6 + 0.
5
Calculate -5 - (2 + -7 + 5).
-5
What is the value of 3 + (-5 - 0) - 3 - 0?
-5
8 + (8 - -1) + -5 - 6
6
-4 + (-3 - (0 - 2))
-5
Evaluate -24 - (-6 + -1) - -12.
-5
What is (2 - -1) + (-5 - -3)?
1
What is the value of -1 + (-1 - -1 - (2 + 1))?
-4
-46 + 41 + (7 - 3)
-1
0 + 4 + -4 - 2
-2
Calculate 11 - (8 + -3) - 0 - 1.
5
What is -6 + (-8 - -5 - (-13 + -2))?
6
What is (4 - -2) + -7 + -3?
-4
What is the value of 6 - (0 - (-4 + -2) - -1)?
-1
Calculate -1 + 10 + -7 - 2.
0
What is -6 + 7 - (-2 - -1) - 3?
-1
What is 1 - 6 - (16 + -21)?
0
What is -3 + (0 - 3 - -4 - -1)?
-1
Evaluate (-24 - (-26 + 0)) + -1 + 0.
1
What is -3 + 1 + 2 - 1?
-1
What is the value of 5 - 4 - (3 + -6)?
4
Evaluate -10 + (5 - (-6 - -6)).
-5
What is the value of (0 - 2) + 3 + -5?
-4
4 - (4 + -5 + 2) - 3
0
What is (3 - (5 - (10 + -5))) + -4?
-1
Calculate 0 + 3 + (-2 - 4 - -1).
-2
What is -1 + (-2 - (1 - 5))?
1
What is 4 + (-15 - -2) - -5?
-4
9 + (-5 - -4) + (0 - 4)
4
-1 + 0 + 2 + -4
-3
What is -16 + 8 - ((-1 - 1) + -3)?
-3
What is the value of -3 + (-4 - (2 - 5))?
-4
Calculate -1 + 4 + -1 - 3.
-1
Evaluate -9 - -4 - (10 - 13).
-2
What is the value of -4 + -5 + 6 + 5?
2
4 - (15 + 2 + -5 + 0)
-8
What is the value of 4 + -4 - (2 - (1 + 0))?
-1
Evaluate -2 + 5 - (11 + (-3 - 3)).
-2
Calculate (4 - (3 + -3)) + (-14 - -14).
4
What is -16 - (8 - (4 - -14))?
-6
What is the value of 1 + (-9 - -14 - (1 + 1))?
4
Calculate (1 - 0) + -9 + 7 + -3.
-4
What is -4 + (0 - -4) - -3 - -5?
8
Evaluate (-1 - (0 + -1)) + 3.
3
Calculate -1 - (0 + 1 + 12 + -13).
-1
Evaluate 5 + -3 + (-13 - -4) - -3.
-4
Evaluate -5 - (-3 - (2 + -2)).
-2
(-88 - -78) + (-1 + 1 - -4)
-6
Calculate 4 + 8 + -1 + 0 + -2.
9
(6 - -1) + -8 + -6
-7
Calculate 1 - (-2 + (4 - 7 - -15)).
-9
Calculate (0 - 3) + (2 - 0) - -3.
2
-4 + 0 - (3 - -3 - 5)
-5
Calculate 12 + -37 - (-9 - 5).
-11
What is the value of 0 + 5 + (-14 - -8)?
-1
Calculate -10 + 8 + (-8 - -8).
-2
What is the value of 167 + -161 + 0 + 3?
9
Calculate -10 + 1 - (40 + -48).
-1
Calculate (-8 - -4) + 4 - -5.
5
Evaluate 1 + 1 + 2 + (-12 - -9).
1
Calculate -2 + 7 + (11 - 21).
-5
Calculate 6 + (-10 - -3 - -3) - -3.
5
What is the value of -5 + 4 + -5 + -1 + 3?
-4
Calculate -1 + 0 + 1 + -2 + 0.
-2
0 - 0 - (-1 + 5)
-4
What is the value of ((-4 - -6) + -1 - -9) + -5?
5
-3 + (5 - (1 - 5 - -2))
4
Evaluate 1 - (-5 - (-15 + 5)).
-4
Calculate 6 + (0 - 5 - -2) + -5.
-2
What is the value of 2 + (3 - 1 - 0)?
4
What is (-11 - -7) + -3 + 3?
-4
What is the value of (1 - -1) + 7 + 0 + -8?
1
1 + (-2 - (2 + 3 + -3))
-3
What is the value of -6 + -3 - -13 - (2 + -4)?
6
What is -3 + (1 - (-2 + (0 - 0)))?
0
Calculate -2 - (-5 + 7 + -4 - -1).
-1
What is the value of 1 + (2 - -1) + -7?
-3
Calculate 0 + (-4 + -6 - -7).
-3
What is the value of 5 + (0 - 4 - -2 - -2)?
5
-12 - (0 + (4 - 5 - 5))
-6
(-2 - 0) + 2 + -9 + 6
-3
What is (3 - (-4 - -5)) + -9 + 2?
-5
-5 + -3 + -7 + 26 + -7
4
Calculate -2 - -1 - 1 - 2.
-4
Evaluate 1 - ((-12 - -17) + -8 + -2).
6
Calculate -7 + 13 + 1 - 9.
-2
Calculate 0 + 3 + -4 + -2.
-3
What is 5 - (1 + -4 - -7)?
1
Evaluate 9 - (-2 + 14) - -12.
9
What is the value of -3 + (-16 - (2 + -7)) - -5?
-9
-2 - (4 - (2 + 7))
3
What is the value of 0 + 13 + -9 - 0?
4
1 - (9 - 7) - -7
6
What is the value of (-13 - -5 - -4) + -6 - -5?
-5
What is 0 + -8 + (-2 - -11) - 4?
-3
Calculate -13 + 20 + -3 + -9.
-5
What is 1 + 0 - (0 + -1 + 2)?
0
What is the value of -5 - -7 - 0 - (2 + 0)?
0
What is (-2 - (4 - 8)) + (-2 - 1)?
-1
What is 1 + -11 - (25 - 39)?
4
Calculate -5 + -13 + (33 - 26).
-11
What is 4 - -1 - (-10 + 12 + 4)?
-1
1 + -2 - (1 + (-5 - -1))
2
What is (-8 + 6 - 3) + -5 + 5?
-5
-3 + (-5 - -9) + 6
7
Evaluate -1 - (16 + -9 + -13).
5
Evaluate 19 + -36 - (1 + -10).
-8
Calculate 9 - (0 + 4 + (7 - 6)).
4
-6 + 1 + (0 - (4 - 3))
-6
1 - (6 + 3) - -12
4
Evaluate -21 + (4 - (4 - 14)).
-7
Evaluate 1 + -7 + 0 + -3 + 4.
-5
Calculate 4 + (-3 - (3 + -4 + 1)).
1
Calculate 6 + (1 - -2 - 9).
0
What is -157 + 153 + (12 - 1)?
7
What is the value of -3 + 3 + -1 + 0 + -1?
-2
Calculate (6 - (0 - -6)) + 2 + -1.
1
Evaluate -17 - ((3 - 5) + -6).
-9
Calculate 11 + -2 + -4 - -2.
7
Calculate -11 - (-2 + 0) - -4.
-5
-5 - (-1 - 1) - -4 - -4
5
What is the value of 23 + -29 + -1 + 1?
-6
What is the value of (22 - 39 - -9) + (0 - -18)?
10
Evaluate -2 + (4 - ((0 - -2) + -1)).
1
What is -13 + 12 + -5 + (0 - -2)?
-4
What is the value of 16 + -23 - (4 + (-8 - 4))?
1
Calculate 4 - -10 - 10 - -1.
5
Evaluate (28 - 20) + (-5 - -1).
4
What is the value of -3 + (0 - 4 - 0) + 7?
0
-9 + 1 - (21 + -24)
-5
Calculate -5 + (6 - (8 - (4 + 2))).
-1
(0 - 4) + (8 - -1)
5
Evaluate 6 + -4 + (0 - 1) + 1.
2
Calculate -7 - ((-9 - (7 - 9)) + -4).
4
What is the value of -3 + 8 + -8 + 7 - 7?
-3
(-2 - -8) + (-1 - 0) + 3
8
What is the value of -19 + 9 + (-2 - -7)?
-5
Calculate 3 + 4 + -15 + 3 - -2.
-3
Calculate -1 + 5 + -1 - (3 + 0).
0
Evaluate 0 - (-4 - (-4 - 0)).
0
Evaluate -2 + (-10 - 3) + 9.
-6
What is -3 - ((-3 - -5) + (2 - 5))?
-2
-4 + (-1 - -3) + -1
-3
What is the value of 2 + (7 - 9 - -1)?
1
Calculate (6 - -2) + -7 - -1.
2
Evaluate -1 + 2 + 2 + (-5 - 2).
-4
What is the value of (-10 - (-3 + -6)) + -3 + -1?
-5
What is the value of (0 - 0) + 3 + -7 + 6?
2
Evaluate 2 + 0 + (-1 - -2) - 2.
1
Evaluate (7 - -1) + -5 - (2 - -3).
-2
What is -3 - (-5 - (-6 - -6))?
2
Calculate 0 + (7 - (-12 + 14)).
5
Calculate -1 + (-2 - ((-1 - 0) + -2)).
0
Calculate -1 + -2 - ((-3 - -3) + 1).
-4
4 + -15 + 14 + 1
4
10 + (7 - 16 - -2)
3
What is (1 - (1 + -3)) + -2 - -2?
3
Evaluate 6 + (-8 - (-3 + -1 + 0)).
2
What is -8 - (1 + -18) - 12?
-3
0 + -1 + (-1 - -1) - 3
-4
Evaluate 2 + 2 - (5 - 5).
4
What is the value of 37 - 36 - (0 - 2 - -1)?
2
1 - (-1 - (3 + -4))
1
What is the value of -2 + -1 + 7 + 3 + -7?
0
Evaluate -12 + 13 - (-4 - (-1 - 0)).
4
Evaluate (-927 - -922) + (2 - 1 - 0).
-4
What is the value of 1 + (1 - (0 - 3)) + -7?
-2
Evaluate 9 - 5 - -1 - 2.
3
Evaluate 1 + -6 + (-15 - -23).
3
What is the value of -5 - (0 - (2 + 0)) - -3?
0
What is 5 + ((5 - -5) + -7 - 5)?
3
Calculate (-4 - (4 + -3) - 0) + 1.
-4
Calculate 10 - (3 - (4 + -10)).
1
What is -1 + 1 + 0 + -2 + -1?
-3
Calculate 3 - (3 - 2 - -2).
0
What is 1 - (3 + 2 + 2)?
-6
What is 1 + (-1 - 2 - (4 - 0))?
-6
What is -5 - (-9 + 3) - -3?
4
108 + -114 + (-5 - -2)
-9
(-9 - -19) + -18 + 6
-2
Evaluate 2 - 1 - (11 - 3) - -2.
-5
(0 - 0) + (33 - 38)
-5
Calculate 3 + (-1 + 0 - 1).
1
Evaluate -1 + -1 + 1 + -3 + 2.
-2
Calculate 9 + (2 - (2 - 4 - -8)).
5
-17 - -3 - (-13 - -6)
-7
3 - (-3 - (-10 + (2 - 4)))
-6
Calculate 4 + (15 + -4 - 8).
7
What is the value of 6 - (12 + 3 + -9)?
0
-6 + 10 + -4 + (0 - -1)
1
Calculate -3 + 3 + (2 - 9).
-7
1 - 9 - (1 + 5 - 9)
-5
What is the value of 10 - (11 + -2 + -4)?
5
What is the value of (2 + -4 - (8 - 4)) + 11?
5
-8 + (3 - -1) + 6 + -1
1
Evaluate -10 + -1 + (1 - -5).
-5
What is -6 + (0 - (-7 + 5 - -2))?
-6
What is the value of -8 - -10 - -5 - (0 - -2)?
5
Calculate 2 - 0 - (-9 - -10).
1
Evaluate -4 + (-4 - (-1 - 8)).
1
What is the value of 2 - (7 + -8) - -4?
7
Calculate -7 + 5 - -3 - -4.
5
What is (-10 - (-1 - 6)) + -3?
-6
What is the value of -9 + 5 - (-4 + 1) - -2?
1
Evaluate (6 - -2) + 8 - 12.
4
Calculate -6 + (14 - 10 - (1 + 0)).
-3
What is -1 - 1 - (-1 - (0 + 2))?
1
Evaluate (-14 - -12) + (-2 + 8 - 12).
-8
Evaluate 3 - (-4 - -6) - 2.
-1
Evaluate 0 + (6 - 5) - 7.
-6
3 + (5 - 3 - 1)
4
Calculate 3 + (-2 - 1) + (-1 - -4).
3
What is -2 - (15 + -12 + (-1 - 0))?
-4
What is 0 + 2 + 0 + 0 + 1?
3
Evaluate -1 - ((-3 - 5) + 1 + 5).
1
What is the value of -2 + 2 + 7 + -11?
-4
What is (3 - -3) + -16 + 15?
5
Evaluate -5 - (5 - 8) - 3.
-5
What is 5 + -1 + 11 + -20?
-5
What is (5 - -2) + 2 - 9?
0
What is 5 - (3 - -2 - 3)?
3
2 - 17 - (23 - 32)
-6
Calculate 5 + 1 - (12 + -12 - 0).
6
Evaluate 8 - 5 - (-1 + 0 - 0).
4
What is -11 + 6 + 4 - (-5 + 1)?
3
Calculate -3 - -3 - 2 - (-2 - 0).
0
Calculate 8 + -11 + -2 + 10.
5
Calculate (-1 - 7) + 2 + (-9 - -9).
-6
What is -3 - (5 + -9 + 0)?
1
What is the value of 1 + (1 - 4) + -8 + 5?
-5
What is (3 - 6 - 0) + 6?
3
W